- a - 35 = 2*a, -5*v = 2*a - 97. Suppose w = j - 35 - v, 4*w = 3*j - 166. Let u = j - 15. Is u a composite number?
True
Suppose 0 = -0*j - 4*j + 108. Suppose 0 = 4*f + m - j, 0 = f - 4*m + 2*m. Suppose -30 = t - f*t. Is t prime?
False
Suppose 6*o - 308 = 2*o. Is o prime?
False
Is 3 - 0 - 0 - -71 a composite number?
True
Suppose 0 = -5*y + 2 - 17, -y = b - 74. Is b a composite number?
True
Is 419*2/(-3)*3/(-2) composite?
False
Suppose 3*r - 107 - 277 = 0. Suppose -x = -2*p - 0*x + 131, -r = -2*p + 2*x. Is p composite?
False
Let y be (3 - 3) + 10/2. Suppose 0 = -4*u - u - y*l - 10, 4*u = -2*l. Suppose 24 = 4*x + 4*p, x + u*x + 3 = 4*p. Is x a composite number?
False
Is 8/44 + (-17640)/(-22) composite?
True
Let n be 1407/(-12) - (-2)/8. Suppose 3*j - 8*c + 3*c = 8, 0 = -j + 2*c + 3. Is j + (2 - (n + 1)) a composite number?
True
Let t = 1381 - -1122. Is t a prime number?
True
Let m be 1/4 + (-1071)/(-36). Is ((-6)/10)/((-6)/m) a prime number?
True
Let w(b) = -2*b**3 - 3*b**2 - 2*b - 5. Is w(-6) a composite number?
False
Is 55 - ((3 - -3) + -4) a prime number?
True
Suppose 4*a = 90 + 82. Is a a prime number?
True
Let s = 19 - 7. Is (182/(-8))/((-3)/s) prime?
False
Let f = -39 - -1082. Is f prime?
False
Suppose 3*z - 142 = z + 4*m, 3*z + 3*m - 258 = 0. Suppose 96 = 3*n - z. Let t = n - 26. Is t a prime number?
False
Let j(h) = h**3 - 2*h**2 - 2*h + 2. Let b be j(-2). Let z = -10 - b. Suppose -3*d - d + 1412 = z. Is d a composite number?
False
Suppose 2735 = 3*b - 22. Is b a prime number?
True
Let a(j) = j**2 + j - 6. Let u be a(6). Suppose -3*p = 2*v - 6, 5*v = 4*p - u + 5. Is (-1 - -3)/(p/70) a prime number?
False
Let k(a) = -259*a - 23. Is k(-6) composite?
False
Let t(p) = -p**2 - p - 1. Let s be t(-2). Let h be ((-1)/s)/((-5)/(-30)). Suppose 66 = 5*v - h*v. Is v prime?
False
Let f be ((-2)/(-5))/(2/20). Let b = -3 + 3. Suppose b = f*c - 32 - 20. Is c prime?
True
Let k(n) = n + 50. Is k(-17) prime?
False
Suppose -3*r + s + 9 = 0, 2*s - 22 = -2*r - 2*r. Suppose 3*j + 4*c = j + 86, r*j = c + 199. Is j prime?
False
Let i be 9/(-6)*268/(-6). Let w = i - 36. Is w a composite number?
False
Let s(w) = -6*w - 1. Let j be s(-1). Suppose -j*y + 812 = -y. Is y composite?
True
Let v(s) be the third derivative of s**5/15 - s**3/2 - s**2. Is v(3) a composite number?
True
Suppose -r = 5*f + 59 - 1701, f - 4*r - 341 = 0. Is f composite?
True
Let q be (80 - 11)/(2/14). Suppose -2*b - 3*g = -g - 198, -5*b = -g - q. Is b composite?
False
Suppose -5*f + 10 = -0*f. Suppose 0 = 4*o + f*d - 1036, 2*o - 3*d = -o + 759. Is o composite?
False
Let m = 159 + -247. Let p = -38 - m. Is (p/(-15))/((-4)/42) prime?
False
Suppose 3*s + 2*c - 245 - 19 = 0, -4*c + 348 = 4*s. Suppose 0*l - 2*y = l - 74, 0 = -l + 2*y + s. Is l prime?
False
Suppose 0*f = -5*f. Suppose -u - 150 = -h, -2*h + f*u + 295 = 3*u. Is h a prime number?
True
Let i(y) = -6*y - 4. Let r be i(-3). Is (r/(-4))/((-2)/4) prime?
True
Let f be (5 - 2)*(-8)/(-6). Suppose v - 41 + 8 = f*w, 4 = 4*w. Is v composite?
False
Is (-4)/(-26) + 9675/65 composite?
False
Suppose 0 = -4*s + s + 4656. Let r = -1053 + s. Is r prime?
True
Suppose -3198 = -3*f + 3*g, 4*f + 0*g - 2*g = 4270. Is f a composite number?
False
Suppose 3*d = -4*a - 0*d + 301, 3*a = d + 242. Is a composite?
False
Suppose -2*b = 2*b. Let r = 109 - 71. Is r/(2 - 0) - b prime?
True
Suppose d - 2 - 2 = 0. Let a(x) = -2 + 6*x**2 - d*x + 2*x**2 - x**3 + 0*x**2. Is a(7) prime?
True
Suppose 6*j - 2*j = 36. Suppose 0 = -m + 27 - 67. Let w = j - m. Is w a composite number?
True
Suppose o - 48 = -3*o. Suppose -5*c + 15 = 5*k, -2*c + k + o = -3*k. Suppose 2*a + c*m = 314, 4*a - 2*m - 218 - 370 = 0. Is a prime?
True
Let h = 12 + 9. Is 2212/h - 4/(-6) prime?
False
Let c = 20 - 30. Is (231/(-14))/(3/c) composite?
True
Is (14/8)/(((-63)/(-17948))/9) composite?
True
Suppose 4*v + 3*m = -4 - 0, -4*v = -2*m - 16. Suppose v*r = r + 53. Is r prime?
True
Let v = -9 - -200. Is v a composite number?
False
Suppose -2*a - 5*k + 1114 = 0, -5*a + 1549 = -3*k - 1236. Is a a prime number?
True
Let y(v) = -v**3 + 6*v**2 + 4*v - 4. Let x = 5 + -10. Is y(x) composite?
False
Let o = -1680 - -2851. Is o a composite number?
False
Let m be 12*(-1 - 1)/(-4). Suppose -3*s - m*p + p + 144 = 0, 4*s = -4*p + 184. Is s composite?
False
Let n(k) = k**3 - k**2 + 1561. Is n(0) a prime number?
False
Is (-2)/(-15) + 75396/180 a prime number?
True
Let y(j) = -149*j**3 + j**2 - 2*j + 5. Is y(-2) a prime number?
False
Let u(c) = -c**3 + 11*c**2 - 6*c - 5. Is u(10) a prime number?
False
Let g be (-4)/(2*-6)*3. Let j(s) = 442*s**2 + 1. Is j(g) a prime number?
True
Let h = -10 + 1. Let t = 5 + h. Is 59/3 - t/(-6) composite?
False
Let l be 0/((-1 + 3)/2). Is 191*(l + 3/3) a composite number?
False
Let l = 1 + 4. Suppose 5*p - 5*x + 7*x = 28, -x - 12 = -4*p. Suppose l*a + 52 + 101 = 4*g, p*g + 3*a = 145. Is g prime?
True
Suppose -5*x = -75 - 1580. Is x composite?
False
Suppose -14 = -m - 4*i + 5*i, -4*i - 18 = -2*m. Let h(x) = -x + 1. Let y be h(7). Let a = y + m. Is a a composite number?
False
Let j = 4 + -2. Suppose -5*k + 8 = -3*k - 2*n, j*k = n + 4. Suppose -2*c + 118 = -k*c. Is c a composite number?
False
Is (65030/(-105))/((-4)/42) composite?
True
Suppose 9*k - k - 304 = 0. Is k a composite number?
True
Let q(m) = m + 7. Let t be q(-5). Let v be (8/(-6))/(t/(-9)). Let j(b) = 20*b + 7. Is j(v) a prime number?
True
Let f = -13135 + 21191. Let j be f/(-10) - (-8)/(-20). Is 3/(-18) + j/(-12) a composite number?
False
Suppose 1249 = 3*g + 2*b, -374 - 881 = -3*g - 5*b. Is g prime?
False
Suppose o = -0*o + 51. Let q(b) = b**3 - 4*b**2 + b - 2. Let h be q(4). Suppose h*x - y = o + 77, -3*x - y + 197 = 0. Is x a composite number?
True
Let l = 6 + -8. Let q be (5 + -6)/(l/(-8)). Is (-1 - q) + 37 + -2 a composite number?
True
Let r be (0 - 0)/(0 - 1). Suppose r = h + h - 114. Is h prime?
False
Suppose 7*l = 5*l - 1012. Is l/(-2) - (-8 - -10) composite?
False
Let f = -2 - -59. Suppose 4*z + f = 7*z. Is z a composite number?
False
Suppose -g + 34 = 5*y, -3*y + 24 = g - 0*g. Suppose -4*o = 4, 2*l + 2*o = l. Let q = l + g. Is q prime?
True
Let a(l) be the first derivative of l**4/4 - 4*l**3/3 - 7*l**2/2 + 8*l - 1. Suppose 0 = -x + u + 2, -3*u = x + x - 24. Is a(x) a prime number?
False
Let z = -267 - -570. Is z a composite number?
True
Suppose 3309 = 12*r + 153. Is r prime?
True
Let r(z) be the first derivative of -z**3 - z**2/2 - 2*z - 1. Let s(b) = -4*b**2 - 1. Let m(f) = -3*r(f) + 2*s(f). Is m(-5) a composite number?
True
Suppose 22*v - 26*v = -40. Is v a prime number?
False
Let v = 175 - 78. Is v prime?
True
Let y(h) = -2*h - 4. Let n = 0 + -4. Let b be y(n). Suppose 265 = i + b*i. Is i composite?
False
Suppose 0 = y - 3, -m + 3*m - 2504 = 2*y. Suppose -3*o - 2*o = -m. Is o a prime number?
True
Let p(f) = 3*f**2 + 11*f + 10. Let o be p(10). Let r = -298 + o. Is r prime?
False
Is 12/84 - ((-29678)/14 - 2) composite?
True
Suppose 0 = -0*r - 2*r + 166. Is r composite?
False
Let k be 4/(-14) + 207/63. Is (k/12)/((-3)/(-1524)) a prime number?
True
Suppose 4*y = -246 + 874. Is y composite?
False
Suppose j - 3*m + 14543 = 5*j, -j + 3640 = 5*m. Is j prime?
False
Suppose 4*a - 5*b - 9 = 18, -3 = 3*a + 4*b. Let y(u) = 0 - a*u + 9*u + 5*u**2 + 3. Is y(-4) a prime number?
True
Let b(a) be the second derivative of -13*a**3/6 + a**2/2 + a. Let d = 0 + -1. Is b(d) prime?
False
Let i(s) = s**2 - 2*s - 1 - 4 + 2. Let y be i(4). Let b(a) = -a**3 + 7*a**2 - 6*a - 7. Is b(y) composite?
False
Let x = -6 - -7. Let z be -3*((x - 0) + -2). Is (z + (-21)/6)*-22 a composite number?
False
Let a = 1072 - 765. Is a composite?
False
Suppose 0 = 5*x + 5*f - 10, -4 = -2*x + 2*f - 0*f. Suppose x*b - 508 = -2*b. Is b prime?
True
Suppose 2*f = -5*z + 8, 2*f + 15 = 5*z - 3*f. Suppose 267 = c + z*c. Is c prime?
True
Suppose 5*v = 2*k - 399, 49 + 107 = -2*v + 2*k. Let s = -92 + 250. Let b = v + s. Is b composite?
True
Suppose -3*u - 6223 = -10*u. Is u a composite number?
True
Suppose -m = -5*m + 124. Suppose 2*h + 2*b = -3*h + 155, 5*b - m = -h. Is h composite?
False
Suppose 1248 = -9*b + 4605. Is b prime?
True
Let m = -4145 + 5946. Is m composite?
False
Suppose -3*f = -4*f + 2. Suppose u = 2*i - i - 2, 2*i + f*u = 4. Is (0 - -226)/(0 + i) composite?
Fal